highest common factor of 672 and 3296?
32
Calculate the greatest common factor of 35295 and 15.
15
Calculate the greatest common divisor of 1288392 and 1512.
168
What is the greatest common factor of 3242824 and 208?
104
What is the highest common factor of 2160 and 142020?
540
Calculate the greatest common factor of 5054 and 308.
14
Calculate the highest common divisor of 500 and 4943250.
250
Calculate the greatest common divisor of 23 and 1047259.
23
What is the highest common factor of 71890 and 1092?
182
What is the greatest common divisor of 152672 and 288?
32
What is the greatest common divisor of 13539 and 243?
3
What is the highest common divisor of 3561867 and 783?
783
Calculate the highest common factor of 2305 and 5993.
461
What is the greatest common divisor of 1 and 27431?
1
What is the greatest common factor of 235114 and 22?
22
Calculate the greatest common factor of 40 and 39660.
20
Calculate the greatest common factor of 10808 and 2191.
7
Calculate the greatest common factor of 208830 and 10.
10
Calculate the highest common divisor of 225694 and 1078.
98
What is the highest common divisor of 44051 and 609?
203
What is the greatest common factor of 9400 and 122?
2
Calculate the highest common divisor of 11585 and 7613.
331
Calculate the highest common divisor of 148929 and 1254.
33
Calculate the highest common divisor of 24120900 and 900.
900
Calculate the highest common factor of 2684662 and 124.
62
Calculate the highest common factor of 255 and 223992.
51
Calculate the greatest common divisor of 679 and 133.
7
Calculate the highest common factor of 52 and 5620.
4
Calculate the highest common divisor of 1909 and 6723.
83
What is the greatest common factor of 898 and 2?
2
Calculate the highest common divisor of 1520208 and 81.
81
What is the highest common factor of 288042 and 12?
6
What is the highest common divisor of 15742104 and 168?
168
What is the highest common divisor of 2065 and 67732?
413
Calculate the highest common factor of 96736 and 96.
32
Calculate the greatest common divisor of 48290 and 1067.
11
What is the highest common divisor of 2624471 and 29?
29
Calculate the greatest common divisor of 200 and 16070.
10
Calculate the highest common factor of 8000 and 1856.
64
What is the greatest common factor of 2472 and 190653?
309
What is the highest common divisor of 20467 and 123013?
211
Calculate the greatest common factor of 590350 and 150.
50
Calculate the greatest common divisor of 38 and 1381395.
19
Calculate the greatest common divisor of 18690 and 47170.
890
Calculate the highest common divisor of 5301 and 4959.
171
What is the greatest common factor of 4550 and 140?
70
Calculate the highest common divisor of 780312 and 915.
183
What is the highest common divisor of 167412 and 27?
3
What is the highest common factor of 3472 and 41447?
217
What is the greatest common divisor of 85536 and 64416?
1056
Calculate the greatest common factor of 335097 and 1134.
567
Calculate the highest common divisor of 10981 and 3239.
79
Calculate the highest common divisor of 4755 and 5055.
15
What is the greatest common factor of 42438 and 4026?
66
Calculate the greatest common divisor of 20126 and 11426.
58
What is the greatest common factor of 144058 and 342?
38
What is the greatest common divisor of 478133 and 1294?
647
Calculate the highest common divisor of 3915 and 511299.
783
Calculate the greatest common factor of 9 and 89156.
1
Calculate the highest common divisor of 622521 and 9.
9
Calculate the highest common divisor of 584 and 135853.
73
Calculate the greatest common divisor of 3998162 and 3297.
1099
What is the highest common factor of 1668 and 39?
3
What is the greatest common divisor of 4 and 1223656?
4
Calculate the greatest common factor of 70 and 172655.
35
What is the greatest common divisor of 9546 and 7224?
258
Calculate the greatest common factor of 8631 and 126.
63
What is the greatest common factor of 232256 and 38?
38
What is the greatest common divisor of 314846 and 56?
14
Calculate the greatest common divisor of 188932 and 22052.
596
Calculate the highest common factor of 9075 and 30.
15
Calculate the greatest common divisor of 686744 and 2.
2
What is the greatest common divisor of 1676664 and 3168?
792
What is the greatest common factor of 10962 and 5670?
378
Calculate the highest common factor of 296 and 28712.
296
What is the highest common divisor of 13396 and 629?
17
What is the greatest common divisor of 1078 and 1778?
14
Calculate the highest common factor of 38519 and 221.
13
What is the greatest common factor of 4552 and 9338428?
2276
Calculate the highest common divisor of 3 and 24981.
3
What is the greatest common factor of 424 and 934920?
424
Calculate the greatest common factor of 4888 and 3168.
8
What is the highest common divisor of 14 and 62461?
7
Calculate the greatest common divisor of 177025 and 2920.
365
What is the highest common divisor of 14036 and 968?
484
Calculate the greatest common factor of 322908 and 9372.
852
What is the highest common factor of 741 and 24999?
39
Calculate the greatest common divisor of 1656 and 130272.
552
What is the highest common divisor of 28666 and 1606?
22
Calculate the greatest common divisor of 5 and 62045.
5
Calculate the greatest common divisor of 29 and 173681.
29
What is the highest common factor of 215 and 53707?
43
Calculate the highest common factor of 850 and 96325.
25
What is the greatest common factor of 903 and 4788?
21
Calculate the highest common factor of 14568 and 6.
6
Calculate the highest common factor of 71 and 12898712.
71
What is the highest common divisor of 101826 and 18?
18
Calculate the greatest common divisor of 123 and 142721.
41
Calculate the greatest common factor of 1539 and 190.
19
What is the highest common divisor of 1265 and 3645477?
253
Calculate the greatest common factor of 186 and 5240302.
62
Calculate the highest common factor of 1320 and 564.
12
Calculate the highest common divisor of 2119 and 26.
13
What is the greatest common divisor of 3807126 and 18?
18
Calculate the highest common divisor of 438 and 1981731.
219
What is the greatest common factor of 8729240 and 312?
104
What is the highest common divisor of 3735 and 6705?
45
Calculate the greatest common factor of 278 and 380721.
139
What is the greatest common divisor of 724 and 13768?
4
Calculate the highest common divisor of 22 and 184658.
2
Calculate the highest common factor of 10 and 70162.
2
What is the highest common factor of 22528 and 374?
22
Calculate the highest common divisor of 13 and 344097.
13
What is the highest common divisor of 330 and 3318810?
330
What is the greatest common factor of 19295 and 6205?
85
Calculate the greatest common divisor of 6 and 63642.
6
Calculate the greatest common divisor of 600 and 16980.
60
What is the highest common factor of 2193 and 387?
129
Calculate the highest common factor of 7224 and 2240.
56
Calculate the highest common factor of 18 and 38634.
6
What is the greatest common divisor of 959 and 137?
137
What is the highest common factor of 3165 and 81868?
211
What is the greatest common divisor of 3208 and 1568311?
401
Calculate the highest common factor of 3766 and 134231.
269
What is the greatest common divisor of 21 and 1040277?
21
What is the highest common divisor of 627 and 6567?
33
What is the highest common divisor of 2873 and 6749?
17
Calculate the greatest common divisor of 84031 and 17.
17
Calculate the greatest common factor of 483287 and 147.
49
What is the greatest common divisor of 4532 and 51040?
44
What is the highest common divisor of 45467 and 19?
19
Calculate the greatest common factor of 148 and 423761.
37
What is the highest common divisor of 6 and 3693?
3
Calculate the greatest common divisor of 2198 and 80384.
314
Calculate the highest common divisor of 115 and 62905.
115
Calculate the highest common factor of 17864 and 26158.
638
Calculate the highest common factor of 208 and 271128.
104
Calculate the greatest common factor of 44422 and 798.
266
Calculate the highest common divisor of 187 and 374.
187
Calculate the greatest common factor of 801 and 3294.
9
Calculate the greatest common divisor of 292 and 145708.
292
What is the highest common divisor of 15850 and 297346?
63